{"id":5529,"date":"2024-02-17T21:44:45","date_gmt":"2024-02-17T20:44:45","guid":{"rendered":"https:\/\/bibienfoto.sk\/?page_id=5529"},"modified":"2024-02-17T22:41:42","modified_gmt":"2024-02-17T21:41:42","slug":"cennik-workshopy","status":"publish","type":"page","link":"https:\/\/bibienfoto.sk\/index.php\/cennik-2\/cennik-workshopy\/","title":{"rendered":"Cenn\u00edk &#8211; workshopy"},"content":{"rendered":"\t\t<div data-elementor-type=\"wp-page\" data-elementor-id=\"5529\" class=\"elementor elementor-5529\">\n\t\t\t\t\t\t<section class=\"elementor-section elementor-top-section elementor-element elementor-element-984147a elementor-section-boxed elementor-section-height-default elementor-section-height-default\" data-id=\"984147a\" data-element_type=\"section\" data-e-type=\"section\">\n\t\t\t\t\t\t<div class=\"elementor-container elementor-column-gap-default\">\n\t\t\t\t\t<div class=\"elementor-column elementor-col-100 elementor-top-column elementor-element elementor-element-d6b52f9\" data-id=\"d6b52f9\" data-element_type=\"column\" data-e-type=\"column\">\n\t\t\t<div class=\"elementor-widget-wrap elementor-element-populated\">\n\t\t\t\t\t\t<div class=\"elementor-element elementor-element-de68c9f elementor-widget elementor-widget-heading\" data-id=\"de68c9f\" data-element_type=\"widget\" data-e-type=\"widget\" data-widget_type=\"heading.default\">\n\t\t\t\t<div class=\"elementor-widget-container\">\n\t\t\t\t\t<h1 class=\"elementor-heading-title elementor-size-default\">Cenn\u00edk - workshopy<\/h1>\t\t\t\t<\/div>\n\t\t\t\t<\/div>\n\t\t\t\t\t<\/div>\n\t\t<\/div>\n\t\t\t\t\t<\/div>\n\t\t<\/section>\n\t\t\t\t<section class=\"elementor-section elementor-top-section elementor-element elementor-element-66006a5 elementor-section-boxed elementor-section-height-default elementor-section-height-default\" data-id=\"66006a5\" data-element_type=\"section\" data-e-type=\"section\">\n\t\t\t\t\t\t<div class=\"elementor-container elementor-column-gap-default\">\n\t\t\t\t\t<div class=\"elementor-column elementor-col-100 elementor-top-column elementor-element elementor-element-6f81641\" data-id=\"6f81641\" data-element_type=\"column\" data-e-type=\"column\">\n\t\t\t<div class=\"elementor-widget-wrap elementor-element-populated\">\n\t\t\t\t\t\t<div class=\"elementor-element elementor-element-673d831 elementor-widget elementor-widget-image\" data-id=\"673d831\" data-element_type=\"widget\" data-e-type=\"widget\" data-widget_type=\"image.default\">\n\t\t\t\t<div class=\"elementor-widget-container\">\n\t\t\t\t\t\t\t\t\t\t\t\t\t\t\t<img fetchpriority=\"high\" decoding=\"async\" width=\"768\" height=\"512\" src=\"https:\/\/bibienfoto.sk\/wp-content\/uploads\/2024\/02\/230919_Gabika_05_EXP-768x512.jpg\" class=\"attachment-medium_large size-medium_large wp-image-5534\" alt=\"\" srcset=\"https:\/\/bibienfoto.sk\/wp-content\/uploads\/2024\/02\/230919_Gabika_05_EXP-768x512.jpg 768w, https:\/\/bibienfoto.sk\/wp-content\/uploads\/2024\/02\/230919_Gabika_05_EXP-300x200.jpg 300w, https:\/\/bibienfoto.sk\/wp-content\/uploads\/2024\/02\/230919_Gabika_05_EXP-1024x683.jpg 1024w, https:\/\/bibienfoto.sk\/wp-content\/uploads\/2024\/02\/230919_Gabika_05_EXP-1536x1024.jpg 1536w, https:\/\/bibienfoto.sk\/wp-content\/uploads\/2024\/02\/230919_Gabika_05_EXP.jpg 1600w\" sizes=\"(max-width: 768px) 100vw, 768px\" \/>\t\t\t\t\t\t\t\t\t\t\t\t\t\t\t<\/div>\n\t\t\t\t<\/div>\n\t\t\t\t\t<\/div>\n\t\t<\/div>\n\t\t\t\t\t<\/div>\n\t\t<\/section>\n\t\t\t\t<section class=\"elementor-section elementor-top-section elementor-element elementor-element-891706d elementor-section-content-top elementor-section-boxed elementor-section-height-default elementor-section-height-default\" data-id=\"891706d\" data-element_type=\"section\" data-e-type=\"section\">\n\t\t\t\t\t\t<div class=\"elementor-container elementor-column-gap-default\">\n\t\t\t\t\t<div class=\"elementor-column elementor-col-33 elementor-top-column elementor-element elementor-element-0b0bbfc\" data-id=\"0b0bbfc\" data-element_type=\"column\" data-e-type=\"column\">\n\t\t\t<div class=\"elementor-widget-wrap elementor-element-populated\">\n\t\t\t\t\t\t<div class=\"elementor-element elementor-element-efb196d elementor-widget elementor-widget-heading\" data-id=\"efb196d\" data-element_type=\"widget\" data-e-type=\"widget\" data-widget_type=\"heading.default\">\n\t\t\t\t<div class=\"elementor-widget-container\">\n\t\t\t\t\t<h3 class=\"elementor-heading-title elementor-size-default\"><a href=\"https:\/\/bibienfoto.sk\/index.php\/objednavka?moznosti=Novorodeneck\u00e9%20fotenie&#038;moznostiNovorodenecke=BABY\">konzult\u00e1cie poradenstvo<br><\/a><\/h3>\t\t\t\t<\/div>\n\t\t\t\t<\/div>\n\t\t\t\t<div class=\"elementor-element elementor-element-51c95d6 elementor-widget elementor-widget-heading\" data-id=\"51c95d6\" data-element_type=\"widget\" data-e-type=\"widget\" data-widget_type=\"heading.default\">\n\t\t\t\t<div class=\"elementor-widget-container\">\n\t\t\t\t\t<span class=\"elementor-heading-title elementor-size-large\">100\u20ac \/ 1 hod. <\/span>\t\t\t\t<\/div>\n\t\t\t\t<\/div>\n\t\t\t\t<div class=\"elementor-element elementor-element-7be9b18 elementor-widget elementor-widget-text-editor\" data-id=\"7be9b18\" data-element_type=\"widget\" data-e-type=\"widget\" data-widget_type=\"text-editor.default\">\n\t\t\t\t<div class=\"elementor-widget-container\">\n\t\t\t\t\t\t\t\t\t<p>Online konzult\u00e1cia<\/p><p>Z oblasti novorodeneckej fotografie alebo z\u00e1kladov fotografovania<\/p>\t\t\t\t\t\t\t\t<\/div>\n\t\t\t\t<\/div>\n\t\t\t\t\t<\/div>\n\t\t<\/div>\n\t\t\t\t<div class=\"elementor-column elementor-col-33 elementor-top-column elementor-element elementor-element-ac46170\" data-id=\"ac46170\" data-element_type=\"column\" data-e-type=\"column\">\n\t\t\t<div class=\"elementor-widget-wrap elementor-element-populated\">\n\t\t\t\t\t\t<div class=\"elementor-element elementor-element-816e5aa elementor-widget elementor-widget-heading\" data-id=\"816e5aa\" data-element_type=\"widget\" data-e-type=\"widget\" data-widget_type=\"heading.default\">\n\t\t\t\t<div class=\"elementor-widget-container\">\n\t\t\t\t\t<h3 class=\"elementor-heading-title elementor-size-default\">novorodeneck\u00fd workshop<\/h3>\t\t\t\t<\/div>\n\t\t\t\t<\/div>\n\t\t\t\t<div class=\"elementor-element elementor-element-30fbac3 elementor-widget elementor-widget-heading\" data-id=\"30fbac3\" data-element_type=\"widget\" data-e-type=\"widget\" data-widget_type=\"heading.default\">\n\t\t\t\t<div class=\"elementor-widget-container\">\n\t\t\t\t\t<p class=\"elementor-heading-title elementor-size-large\">650\u20ac<\/p>\t\t\t\t<\/div>\n\t\t\t\t<\/div>\n\t\t\t\t<div class=\"elementor-element elementor-element-4c261aa elementor-widget elementor-widget-text-editor\" data-id=\"4c261aa\" data-element_type=\"widget\" data-e-type=\"widget\" data-widget_type=\"text-editor.default\">\n\t\t\t\t<div class=\"elementor-widget-container\">\n\t\t\t\t\t\t\t\t\t<p style=\"margin-bottom: var(--theme-content-spacing); font-size: 18px; text-align: center;\">Jednod\u0148ov\u00fd intenz\u00edvny v\u00fdcvik fotenia novorodeniatok<\/p>\n<p style=\"margin-bottom: var(--theme-content-spacing); font-size: 18px; text-align: center;\">Individu\u00e1lny workshop<\/p><p style=\"margin-bottom: var(--theme-content-spacing); font-size: 18px; text-align: center;\">9.00 &#8211; 16.00 hod.<\/p>\n<p style=\"margin-bottom: var(--theme-content-spacing); font-size: 18px; text-align: center;\">Obsahuje pr\u00edpravu,&nbsp; z\u00e1sady bezpe\u010dnosti,&nbsp;<span style=\"background-color: inherit; color: var(--theme-text-color); font-family: var(--theme-font-family); font-size: var(--theme-font-size); font-style: var(--theme-font-style, inherit); font-weight: var(--theme-font-weight); letter-spacing: var(--theme-letter-spacing); text-transform: var(--theme-text-transform);\">polohovanie, wrapovanie, fotenie v ko\u0161\u00edku, fotografovanie s rodi\u010dmi a s\u00farodencami,&nbsp;<\/span><span style=\"background-color: inherit; color: var(--theme-text-color); font-family: var(--theme-font-family); font-style: var(--theme-font-style, inherit); font-weight: var(--theme-font-weight); letter-spacing: var(--theme-letter-spacing); text-transform: var(--theme-text-transform);\">\u00faprava fotografi\u00ed, komunik\u00e1cia s klientmi a marketing<\/span><\/p>\n<p style=\"margin-bottom: 0px; font-size: 18px; text-align: center;\">Cena zah\u0155\u0148a ob\u010derstvenie a obed<\/p>\n<p><\/p>\t\t\t\t\t\t\t\t<\/div>\n\t\t\t\t<\/div>\n\t\t\t\t\t<\/div>\n\t\t<\/div>\n\t\t\t\t<div class=\"elementor-column elementor-col-33 elementor-top-column elementor-element elementor-element-e3f6344\" data-id=\"e3f6344\" data-element_type=\"column\" data-e-type=\"column\">\n\t\t\t<div class=\"elementor-widget-wrap elementor-element-populated\">\n\t\t\t\t\t\t<div class=\"elementor-element elementor-element-d60680f elementor-widget elementor-widget-heading\" data-id=\"d60680f\" data-element_type=\"widget\" data-e-type=\"widget\" data-widget_type=\"heading.default\">\n\t\t\t\t<div class=\"elementor-widget-container\">\n\t\t\t\t\t<h3 class=\"elementor-heading-title elementor-size-default\">z\u00e1klady fotografovania<\/h3>\t\t\t\t<\/div>\n\t\t\t\t<\/div>\n\t\t\t\t<div class=\"elementor-element elementor-element-bbe71f1 elementor-widget elementor-widget-heading\" data-id=\"bbe71f1\" data-element_type=\"widget\" data-e-type=\"widget\" data-widget_type=\"heading.default\">\n\t\t\t\t<div class=\"elementor-widget-container\">\n\t\t\t\t\t<p class=\"elementor-heading-title elementor-size-large\">210\u20ac<\/p>\t\t\t\t<\/div>\n\t\t\t\t<\/div>\n\t\t\t\t<div class=\"elementor-element elementor-element-625cce1 elementor-widget elementor-widget-text-editor\" data-id=\"625cce1\" data-element_type=\"widget\" data-e-type=\"widget\" data-widget_type=\"text-editor.default\">\n\t\t\t\t<div class=\"elementor-widget-container\">\n\t\t\t\t\t\t\t\t\t<p>Individu\u00e1lny workshop<\/p><p>Obsah je prisp\u00f4soben\u00fd po\u017eiadavk\u00e1m klienta a konzultovan\u00fd pred samotn\u00fdm workshopom<\/p><p>Trvanie 3 hodiny.<\/p><p>Ka\u017ed\u00e1 \u010fal\u0161ia za\u010dat\u00e1 hodina 90\u20ac\/hod.<\/p><p>\u00a0<\/p>\t\t\t\t\t\t\t\t<\/div>\n\t\t\t\t<\/div>\n\t\t\t\t\t<\/div>\n\t\t<\/div>\n\t\t\t\t\t<\/div>\n\t\t<\/section>\n\t\t\t\t<\/div>\n\t\t","protected":false},"excerpt":{"rendered":"<p>Cenn\u00edk &#8211; workshopy konzult\u00e1cie poradenstvo 100\u20ac \/ 1 hod. Online konzult\u00e1cia Z oblasti novorodeneckej fotografie alebo z\u00e1kladov fotografovania novorodeneck\u00fd workshop 650\u20ac Jednod\u0148ov\u00fd intenz\u00edvny v\u00fdcvik fotenia novorodeniatok Individu\u00e1lny workshop 9.00 &#8211; 16.00 hod. Obsahuje pr\u00edpravu,&nbsp; z\u00e1sady bezpe\u010dnosti,&nbsp;polohovanie, wrapovanie, fotenie v ko\u0161\u00edku, fotografovanie s rodi\u010dmi a s\u00farodencami,&nbsp;\u00faprava fotografi\u00ed, komunik\u00e1cia s klientmi a marketing Cena zah\u0155\u0148a ob\u010derstvenie a [&hellip;]<\/p>\n","protected":false},"author":2,"featured_media":0,"parent":2369,"menu_order":0,"comment_status":"closed","ping_status":"closed","template":"","meta":{"_monsterinsights_skip_tracking":false,"_monsterinsights_sitenote_active":false,"_monsterinsights_sitenote_note":"","_monsterinsights_sitenote_category":0,"footnotes":""},"class_list":["post-5529","page","type-page","status-publish","hentry"],"blocksy_meta":[],"yoast_head":"<!-- This site is optimized with the Yoast SEO plugin v27.4 - https:\/\/yoast.com\/product\/yoast-seo-wordpress\/ -->\n<title>Cenn\u00edk - workshopy - NOVORODENECK\u00c9, TEHOTENSK\u00c9 A RODINN\u00c9 FOTENIE<\/title>\n<meta name=\"robots\" content=\"index, follow, max-snippet:-1, max-image-preview:large, max-video-preview:-1\" \/>\n<link rel=\"canonical\" href=\"https:\/\/bibienfoto.sk\/index.php\/cennik-2\/cennik-workshopy\/\" \/>\n<meta property=\"og:locale\" content=\"en_US\" \/>\n<meta property=\"og:type\" content=\"article\" \/>\n<meta property=\"og:title\" content=\"Cenn\u00edk - workshopy - NOVORODENECK\u00c9, TEHOTENSK\u00c9 A RODINN\u00c9 FOTENIE\" \/>\n<meta property=\"og:description\" content=\"Cenn\u00edk &#8211; workshopy konzult\u00e1cie poradenstvo 100\u20ac \/ 1 hod. Online konzult\u00e1cia Z oblasti novorodeneckej fotografie alebo z\u00e1kladov fotografovania novorodeneck\u00fd workshop 650\u20ac Jednod\u0148ov\u00fd intenz\u00edvny v\u00fdcvik fotenia novorodeniatok Individu\u00e1lny workshop 9.00 &#8211; 16.00 hod. Obsahuje pr\u00edpravu,&nbsp; z\u00e1sady bezpe\u010dnosti,&nbsp;polohovanie, wrapovanie, fotenie v ko\u0161\u00edku, fotografovanie s rodi\u010dmi a s\u00farodencami,&nbsp;\u00faprava fotografi\u00ed, komunik\u00e1cia s klientmi a marketing Cena zah\u0155\u0148a ob\u010derstvenie a [&hellip;]\" \/>\n<meta property=\"og:url\" content=\"https:\/\/bibienfoto.sk\/index.php\/cennik-2\/cennik-workshopy\/\" \/>\n<meta property=\"og:site_name\" content=\"NOVORODENECK\u00c9, TEHOTENSK\u00c9 A RODINN\u00c9 FOTENIE\" \/>\n<meta property=\"article:publisher\" content=\"https:\/\/www.facebook.com\/bibienfoto\/\" \/>\n<meta property=\"article:modified_time\" content=\"2024-02-17T21:41:42+00:00\" \/>\n<meta property=\"og:image\" content=\"http:\/\/bibienfoto.sk\/wp-content\/uploads\/2024\/02\/230919_Gabika_05_EXP-768x512.jpg\" \/>\n<meta name=\"twitter:card\" content=\"summary_large_image\" \/>\n<meta name=\"twitter:label1\" content=\"Est. reading time\" \/>\n\t<meta name=\"twitter:data1\" content=\"1 minute\" \/>\n<script type=\"application\/ld+json\" class=\"yoast-schema-graph\">{\"@context\":\"https:\\\/\\\/schema.org\",\"@graph\":[{\"@type\":\"WebPage\",\"@id\":\"https:\\\/\\\/bibienfoto.sk\\\/index.php\\\/cennik-2\\\/cennik-workshopy\\\/\",\"url\":\"https:\\\/\\\/bibienfoto.sk\\\/index.php\\\/cennik-2\\\/cennik-workshopy\\\/\",\"name\":\"Cenn\u00edk - workshopy - NOVORODENECK\u00c9, TEHOTENSK\u00c9 A RODINN\u00c9 FOTENIE\",\"isPartOf\":{\"@id\":\"https:\\\/\\\/bibienfoto.sk\\\/#website\"},\"primaryImageOfPage\":{\"@id\":\"https:\\\/\\\/bibienfoto.sk\\\/index.php\\\/cennik-2\\\/cennik-workshopy\\\/#primaryimage\"},\"image\":{\"@id\":\"https:\\\/\\\/bibienfoto.sk\\\/index.php\\\/cennik-2\\\/cennik-workshopy\\\/#primaryimage\"},\"thumbnailUrl\":\"http:\\\/\\\/bibienfoto.sk\\\/wp-content\\\/uploads\\\/2024\\\/02\\\/230919_Gabika_05_EXP-768x512.jpg\",\"datePublished\":\"2024-02-17T20:44:45+00:00\",\"dateModified\":\"2024-02-17T21:41:42+00:00\",\"breadcrumb\":{\"@id\":\"https:\\\/\\\/bibienfoto.sk\\\/index.php\\\/cennik-2\\\/cennik-workshopy\\\/#breadcrumb\"},\"inLanguage\":\"en-US\",\"potentialAction\":[{\"@type\":\"ReadAction\",\"target\":[\"https:\\\/\\\/bibienfoto.sk\\\/index.php\\\/cennik-2\\\/cennik-workshopy\\\/\"]}]},{\"@type\":\"ImageObject\",\"inLanguage\":\"en-US\",\"@id\":\"https:\\\/\\\/bibienfoto.sk\\\/index.php\\\/cennik-2\\\/cennik-workshopy\\\/#primaryimage\",\"url\":\"https:\\\/\\\/bibienfoto.sk\\\/wp-content\\\/uploads\\\/2024\\\/02\\\/230919_Gabika_05_EXP.jpg\",\"contentUrl\":\"https:\\\/\\\/bibienfoto.sk\\\/wp-content\\\/uploads\\\/2024\\\/02\\\/230919_Gabika_05_EXP.jpg\",\"width\":1600,\"height\":1067},{\"@type\":\"BreadcrumbList\",\"@id\":\"https:\\\/\\\/bibienfoto.sk\\\/index.php\\\/cennik-2\\\/cennik-workshopy\\\/#breadcrumb\",\"itemListElement\":[{\"@type\":\"ListItem\",\"position\":1,\"name\":\"Home\",\"item\":\"https:\\\/\\\/bibienfoto.sk\\\/\"},{\"@type\":\"ListItem\",\"position\":2,\"name\":\"Cennik\",\"item\":\"https:\\\/\\\/bibienfoto.sk\\\/index.php\\\/cennik-2\\\/\"},{\"@type\":\"ListItem\",\"position\":3,\"name\":\"Cenn\u00edk &#8211; workshopy\"}]},{\"@type\":\"WebSite\",\"@id\":\"https:\\\/\\\/bibienfoto.sk\\\/#website\",\"url\":\"https:\\\/\\\/bibienfoto.sk\\\/\",\"name\":\"NOVORODENECK\u00c9, TEHOTENSK\u00c9 A RODINN\u00c9 FOTENIE\",\"description\":\"Va\u0161e nezabudnute\u013en\u00e9 em\u00f3cie\",\"publisher\":{\"@id\":\"https:\\\/\\\/bibienfoto.sk\\\/#organization\"},\"potentialAction\":[{\"@type\":\"SearchAction\",\"target\":{\"@type\":\"EntryPoint\",\"urlTemplate\":\"https:\\\/\\\/bibienfoto.sk\\\/?s={search_term_string}\"},\"query-input\":{\"@type\":\"PropertyValueSpecification\",\"valueRequired\":true,\"valueName\":\"search_term_string\"}}],\"inLanguage\":\"en-US\"},{\"@type\":\"Organization\",\"@id\":\"https:\\\/\\\/bibienfoto.sk\\\/#organization\",\"name\":\"Bibienfoto - profesion\u00e1ne novorodeneck\u00e9, tehotensk\u00e9 a rodinn\u00e9 fotenie v Ko\u0161iciach\",\"url\":\"https:\\\/\\\/bibienfoto.sk\\\/\",\"logo\":{\"@type\":\"ImageObject\",\"inLanguage\":\"en-US\",\"@id\":\"https:\\\/\\\/bibienfoto.sk\\\/#\\\/schema\\\/logo\\\/image\\\/\",\"url\":\"https:\\\/\\\/bibienfoto.sk\\\/wp-content\\\/uploads\\\/2022\\\/06\\\/cropped-unnamed.png\",\"contentUrl\":\"https:\\\/\\\/bibienfoto.sk\\\/wp-content\\\/uploads\\\/2022\\\/06\\\/cropped-unnamed.png\",\"width\":512,\"height\":512,\"caption\":\"Bibienfoto - profesion\u00e1ne novorodeneck\u00e9, tehotensk\u00e9 a rodinn\u00e9 fotenie v Ko\u0161iciach\"},\"image\":{\"@id\":\"https:\\\/\\\/bibienfoto.sk\\\/#\\\/schema\\\/logo\\\/image\\\/\"},\"sameAs\":[\"https:\\\/\\\/www.facebook.com\\\/bibienfoto\\\/\",\"https:\\\/\\\/www.instagram.com\\\/bibienfoto\\\/\"]}]}<\/script>\n<!-- \/ Yoast SEO plugin. -->","yoast_head_json":{"title":"Cenn\u00edk - workshopy - NOVORODENECK\u00c9, TEHOTENSK\u00c9 A RODINN\u00c9 FOTENIE","robots":{"index":"index","follow":"follow","max-snippet":"max-snippet:-1","max-image-preview":"max-image-preview:large","max-video-preview":"max-video-preview:-1"},"canonical":"https:\/\/bibienfoto.sk\/index.php\/cennik-2\/cennik-workshopy\/","og_locale":"en_US","og_type":"article","og_title":"Cenn\u00edk - workshopy - NOVORODENECK\u00c9, TEHOTENSK\u00c9 A RODINN\u00c9 FOTENIE","og_description":"Cenn\u00edk &#8211; workshopy konzult\u00e1cie poradenstvo 100\u20ac \/ 1 hod. Online konzult\u00e1cia Z oblasti novorodeneckej fotografie alebo z\u00e1kladov fotografovania novorodeneck\u00fd workshop 650\u20ac Jednod\u0148ov\u00fd intenz\u00edvny v\u00fdcvik fotenia novorodeniatok Individu\u00e1lny workshop 9.00 &#8211; 16.00 hod. Obsahuje pr\u00edpravu,&nbsp; z\u00e1sady bezpe\u010dnosti,&nbsp;polohovanie, wrapovanie, fotenie v ko\u0161\u00edku, fotografovanie s rodi\u010dmi a s\u00farodencami,&nbsp;\u00faprava fotografi\u00ed, komunik\u00e1cia s klientmi a marketing Cena zah\u0155\u0148a ob\u010derstvenie a [&hellip;]","og_url":"https:\/\/bibienfoto.sk\/index.php\/cennik-2\/cennik-workshopy\/","og_site_name":"NOVORODENECK\u00c9, TEHOTENSK\u00c9 A RODINN\u00c9 FOTENIE","article_publisher":"https:\/\/www.facebook.com\/bibienfoto\/","article_modified_time":"2024-02-17T21:41:42+00:00","og_image":[{"url":"http:\/\/bibienfoto.sk\/wp-content\/uploads\/2024\/02\/230919_Gabika_05_EXP-768x512.jpg","type":"","width":"","height":""}],"twitter_card":"summary_large_image","twitter_misc":{"Est. reading time":"1 minute"},"schema":{"@context":"https:\/\/schema.org","@graph":[{"@type":"WebPage","@id":"https:\/\/bibienfoto.sk\/index.php\/cennik-2\/cennik-workshopy\/","url":"https:\/\/bibienfoto.sk\/index.php\/cennik-2\/cennik-workshopy\/","name":"Cenn\u00edk - workshopy - NOVORODENECK\u00c9, TEHOTENSK\u00c9 A RODINN\u00c9 FOTENIE","isPartOf":{"@id":"https:\/\/bibienfoto.sk\/#website"},"primaryImageOfPage":{"@id":"https:\/\/bibienfoto.sk\/index.php\/cennik-2\/cennik-workshopy\/#primaryimage"},"image":{"@id":"https:\/\/bibienfoto.sk\/index.php\/cennik-2\/cennik-workshopy\/#primaryimage"},"thumbnailUrl":"http:\/\/bibienfoto.sk\/wp-content\/uploads\/2024\/02\/230919_Gabika_05_EXP-768x512.jpg","datePublished":"2024-02-17T20:44:45+00:00","dateModified":"2024-02-17T21:41:42+00:00","breadcrumb":{"@id":"https:\/\/bibienfoto.sk\/index.php\/cennik-2\/cennik-workshopy\/#breadcrumb"},"inLanguage":"en-US","potentialAction":[{"@type":"ReadAction","target":["https:\/\/bibienfoto.sk\/index.php\/cennik-2\/cennik-workshopy\/"]}]},{"@type":"ImageObject","inLanguage":"en-US","@id":"https:\/\/bibienfoto.sk\/index.php\/cennik-2\/cennik-workshopy\/#primaryimage","url":"https:\/\/bibienfoto.sk\/wp-content\/uploads\/2024\/02\/230919_Gabika_05_EXP.jpg","contentUrl":"https:\/\/bibienfoto.sk\/wp-content\/uploads\/2024\/02\/230919_Gabika_05_EXP.jpg","width":1600,"height":1067},{"@type":"BreadcrumbList","@id":"https:\/\/bibienfoto.sk\/index.php\/cennik-2\/cennik-workshopy\/#breadcrumb","itemListElement":[{"@type":"ListItem","position":1,"name":"Home","item":"https:\/\/bibienfoto.sk\/"},{"@type":"ListItem","position":2,"name":"Cennik","item":"https:\/\/bibienfoto.sk\/index.php\/cennik-2\/"},{"@type":"ListItem","position":3,"name":"Cenn\u00edk &#8211; workshopy"}]},{"@type":"WebSite","@id":"https:\/\/bibienfoto.sk\/#website","url":"https:\/\/bibienfoto.sk\/","name":"NOVORODENECK\u00c9, TEHOTENSK\u00c9 A RODINN\u00c9 FOTENIE","description":"Va\u0161e nezabudnute\u013en\u00e9 em\u00f3cie","publisher":{"@id":"https:\/\/bibienfoto.sk\/#organization"},"potentialAction":[{"@type":"SearchAction","target":{"@type":"EntryPoint","urlTemplate":"https:\/\/bibienfoto.sk\/?s={search_term_string}"},"query-input":{"@type":"PropertyValueSpecification","valueRequired":true,"valueName":"search_term_string"}}],"inLanguage":"en-US"},{"@type":"Organization","@id":"https:\/\/bibienfoto.sk\/#organization","name":"Bibienfoto - profesion\u00e1ne novorodeneck\u00e9, tehotensk\u00e9 a rodinn\u00e9 fotenie v Ko\u0161iciach","url":"https:\/\/bibienfoto.sk\/","logo":{"@type":"ImageObject","inLanguage":"en-US","@id":"https:\/\/bibienfoto.sk\/#\/schema\/logo\/image\/","url":"https:\/\/bibienfoto.sk\/wp-content\/uploads\/2022\/06\/cropped-unnamed.png","contentUrl":"https:\/\/bibienfoto.sk\/wp-content\/uploads\/2022\/06\/cropped-unnamed.png","width":512,"height":512,"caption":"Bibienfoto - profesion\u00e1ne novorodeneck\u00e9, tehotensk\u00e9 a rodinn\u00e9 fotenie v Ko\u0161iciach"},"image":{"@id":"https:\/\/bibienfoto.sk\/#\/schema\/logo\/image\/"},"sameAs":["https:\/\/www.facebook.com\/bibienfoto\/","https:\/\/www.instagram.com\/bibienfoto\/"]}]}},"_links":{"self":[{"href":"https:\/\/bibienfoto.sk\/index.php\/wp-json\/wp\/v2\/pages\/5529","targetHints":{"allow":["GET"]}}],"collection":[{"href":"https:\/\/bibienfoto.sk\/index.php\/wp-json\/wp\/v2\/pages"}],"about":[{"href":"https:\/\/bibienfoto.sk\/index.php\/wp-json\/wp\/v2\/types\/page"}],"author":[{"embeddable":true,"href":"https:\/\/bibienfoto.sk\/index.php\/wp-json\/wp\/v2\/users\/2"}],"replies":[{"embeddable":true,"href":"https:\/\/bibienfoto.sk\/index.php\/wp-json\/wp\/v2\/comments?post=5529"}],"version-history":[{"count":6,"href":"https:\/\/bibienfoto.sk\/index.php\/wp-json\/wp\/v2\/pages\/5529\/revisions"}],"predecessor-version":[{"id":5568,"href":"https:\/\/bibienfoto.sk\/index.php\/wp-json\/wp\/v2\/pages\/5529\/revisions\/5568"}],"up":[{"embeddable":true,"href":"https:\/\/bibienfoto.sk\/index.php\/wp-json\/wp\/v2\/pages\/2369"}],"wp:attachment":[{"href":"https:\/\/bibienfoto.sk\/index.php\/wp-json\/wp\/v2\/media?parent=5529"}],"curies":[{"name":"wp","href":"https:\/\/api.w.org\/{rel}","templated":true}]}}